{"id":915,"date":"2023-08-25T16:34:42","date_gmt":"2023-08-25T19:34:42","guid":{"rendered":"https:\/\/shoptyeza.net\/?post_type=product&#038;p=915"},"modified":"2025-11-19T10:37:17","modified_gmt":"2025-11-19T13:37:17","slug":"sandalia-colorida","status":"publish","type":"product","link":"https:\/\/shoptyeza.net\/index.php\/product\/sandalia-colorida\/","title":{"rendered":"Sand\u00e1lia Colorida"},"content":{"rendered":"<p>O mix de cores surpreendentes \u00e9 o grande destaque da nossa sand\u00e1lia Lola, com salto flare de 8 cm e amarra\u00e7\u00e3o no tornozelo.<\/p>\n","protected":false},"excerpt":{"rendered":"<p>O mix de cores surpreendentes \u00e9 o grande destaque da nossa sand\u00e1lia Lola, com salto flare de 8 cm e amarra\u00e7\u00e3o no tornozelo.<\/p>\n","protected":false},"featured_media":922,"comment_status":"open","ping_status":"closed","template":"","meta":[],"product_cat":[147],"product_tag":[149,151,144,148,150],"_links":{"self":[{"href":"https:\/\/shoptyeza.net\/index.php\/wp-json\/wp\/v2\/product\/915"}],"collection":[{"href":"https:\/\/shoptyeza.net\/index.php\/wp-json\/wp\/v2\/product"}],"about":[{"href":"https:\/\/shoptyeza.net\/index.php\/wp-json\/wp\/v2\/types\/product"}],"replies":[{"embeddable":true,"href":"https:\/\/shoptyeza.net\/index.php\/wp-json\/wp\/v2\/comments?post=915"}],"wp:featuredmedia":[{"embeddable":true,"href":"https:\/\/shoptyeza.net\/index.php\/wp-json\/wp\/v2\/media\/922"}],"wp:attachment":[{"href":"https:\/\/shoptyeza.net\/index.php\/wp-json\/wp\/v2\/media?parent=915"}],"wp:term":[{"taxonomy":"product_cat","embeddable":true,"href":"https:\/\/shoptyeza.net\/index.php\/wp-json\/wp\/v2\/product_cat?post=915"},{"taxonomy":"product_tag","embeddable":true,"href":"https:\/\/shoptyeza.net\/index.php\/wp-json\/wp\/v2\/product_tag?post=915"}],"curies":[{"name":"wp","href":"https:\/\/api.w.org\/{rel}","templated":true}]}}